{"id":399,"date":"2018-11-07T19:32:21","date_gmt":"2018-11-07T18:32:21","guid":{"rendered":"https:\/\/www.saigon-delices.fr\/store\/?post_type=product&#038;p=399"},"modified":"2020-09-21T21:39:10","modified_gmt":"2020-09-21T19:39:10","slug":"gateau-aux-amandes-la-piece","status":"publish","type":"product","link":"https:\/\/www.saigon-delices.fr\/store\/produit\/gateau-aux-amandes-la-piece\/","title":{"rendered":"G\u00e2teau aux amandes (la pi\u00e8ce) (A la demande)"},"content":{"rendered":"<p><strong>G\u00e2teau aux ar\u00f4mes vanille et amandes<\/strong><\/p>\n<p><strong>Ingr\u00e9dients :<\/strong><\/p>\n<p>Farine de <span style=\"color: #ff0000;\"><strong>bl\u00e9<\/strong><\/span>, sucre, huile v\u00e9g\u00e9tale (colza), <span style=\"color: #ff0000;\"><strong>\u0153uf<\/strong><\/span>, <span style=\"color: #ff0000;\">beurre<\/span>.<\/p>\n<p>Ar\u00f4me : Vanilline, poudre \u00e0 lever, <span style=\"color: #ff0000;\"><strong>amandes<\/strong><\/span>, colorant naturel<\/p>\n","protected":false},"excerpt":{"rendered":"<p>G\u00e2teau aux ar\u00f4mes vanille et amandes Ingr\u00e9dients : Farine de bl\u00e9, sucre, huile v\u00e9g\u00e9tale (colza), \u0153uf, beurre. Ar\u00f4me : Vanilline, poudre \u00e0 lever, amandes, colorant naturel<\/p>\n","protected":false},"featured_media":415,"comment_status":"open","ping_status":"closed","template":"","meta":[],"product_brand":[],"product_cat":[19,26],"product_tag":[],"class_list":{"0":"post-399","1":"product","2":"type-product","3":"status-publish","4":"has-post-thumbnail","6":"product_cat-desserts","7":"product_cat-patisserie","9":"first","10":"instock","11":"shipping-taxable","12":"purchasable","13":"product-type-simple"},"_links":{"self":[{"href":"https:\/\/www.saigon-delices.fr\/store\/wp-json\/wp\/v2\/product\/399","targetHints":{"allow":["GET"]}}],"collection":[{"href":"https:\/\/www.saigon-delices.fr\/store\/wp-json\/wp\/v2\/product"}],"about":[{"href":"https:\/\/www.saigon-delices.fr\/store\/wp-json\/wp\/v2\/types\/product"}],"replies":[{"embeddable":true,"href":"https:\/\/www.saigon-delices.fr\/store\/wp-json\/wp\/v2\/comments?post=399"}],"wp:featuredmedia":[{"embeddable":true,"href":"https:\/\/www.saigon-delices.fr\/store\/wp-json\/wp\/v2\/media\/415"}],"wp:attachment":[{"href":"https:\/\/www.saigon-delices.fr\/store\/wp-json\/wp\/v2\/media?parent=399"}],"wp:term":[{"taxonomy":"product_brand","embeddable":true,"href":"https:\/\/www.saigon-delices.fr\/store\/wp-json\/wp\/v2\/product_brand?post=399"},{"taxonomy":"product_cat","embeddable":true,"href":"https:\/\/www.saigon-delices.fr\/store\/wp-json\/wp\/v2\/product_cat?post=399"},{"taxonomy":"product_tag","embeddable":true,"href":"https:\/\/www.saigon-delices.fr\/store\/wp-json\/wp\/v2\/product_tag?post=399"}],"curies":[{"name":"wp","href":"https:\/\/api.w.org\/{rel}","templated":true}]}}