{"id":396,"date":"2018-11-07T19:29:24","date_gmt":"2018-11-07T18:29:24","guid":{"rendered":"https:\/\/www.saigon-delices.fr\/store\/?post_type=product&#038;p=396"},"modified":"2020-09-21T21:41:01","modified_gmt":"2020-09-21T19:41:01","slug":"gateau-soja-coco-la-piece","status":"publish","type":"product","link":"https:\/\/www.saigon-delices.fr\/store\/produit\/gateau-soja-coco-la-piece\/","title":{"rendered":"G\u00e2teau soja &#8211; coco (la pi\u00e8ce) (A la demande)"},"content":{"rendered":"<p><strong>Ingr\u00e9dients :<\/strong><\/p>\n<p>Cr\u00e8me de <span style=\"color: #ff0000;\">soja<\/span> 31%, sucre 22%, huile v\u00e9g\u00e9tale (colza) 16%, <span style=\"color: #ff0000;\">farine de bl\u00e9<\/span> 16%,<\/p>\n<p>coco r\u00e2p\u00e9 13%, eau, <strong>Ar\u00f4me :<\/strong> Vanilline, <strong>Conservateur :<\/strong> Propionate de calcium.<\/p>\n<p>Colorant naturel<\/p>\n<p><span style=\"color: #ff0000;\">Peut contenir des traces de lait, amande, s\u00e9same, arachide et autres produits \u00e0 coque<\/span>.<\/p>\n<p>Poids environ 50g<\/p>\n<p>A conserver a l&rsquo;abri de la chaleur et de l&rsquo;humidit\u00e9.<\/p>\n","protected":false},"excerpt":{"rendered":"<p>Ingr\u00e9dients : Cr\u00e8me de soja 31%, sucre 22%, huile v\u00e9g\u00e9tale (colza) 16%, farine de bl\u00e9 16%, coco r\u00e2p\u00e9 13%, eau, Ar\u00f4me : Vanilline, Conservateur : Propionate de calcium. Colorant naturel Peut contenir des traces de lait, amande, s\u00e9same, arachide et autres produits \u00e0 coque. Poids environ 50g A conserver a l&rsquo;abri de la chaleur et [&hellip;]<\/p>\n","protected":false},"featured_media":410,"comment_status":"open","ping_status":"closed","template":"","meta":[],"product_brand":[],"product_cat":[19,26],"product_tag":[],"class_list":{"0":"post-396","1":"product","2":"type-product","3":"status-publish","4":"has-post-thumbnail","6":"product_cat-desserts","7":"product_cat-patisserie","9":"first","10":"instock","11":"shipping-taxable","12":"purchasable","13":"product-type-simple"},"_links":{"self":[{"href":"https:\/\/www.saigon-delices.fr\/store\/wp-json\/wp\/v2\/product\/396","targetHints":{"allow":["GET"]}}],"collection":[{"href":"https:\/\/www.saigon-delices.fr\/store\/wp-json\/wp\/v2\/product"}],"about":[{"href":"https:\/\/www.saigon-delices.fr\/store\/wp-json\/wp\/v2\/types\/product"}],"replies":[{"embeddable":true,"href":"https:\/\/www.saigon-delices.fr\/store\/wp-json\/wp\/v2\/comments?post=396"}],"wp:featuredmedia":[{"embeddable":true,"href":"https:\/\/www.saigon-delices.fr\/store\/wp-json\/wp\/v2\/media\/410"}],"wp:attachment":[{"href":"https:\/\/www.saigon-delices.fr\/store\/wp-json\/wp\/v2\/media?parent=396"}],"wp:term":[{"taxonomy":"product_brand","embeddable":true,"href":"https:\/\/www.saigon-delices.fr\/store\/wp-json\/wp\/v2\/product_brand?post=396"},{"taxonomy":"product_cat","embeddable":true,"href":"https:\/\/www.saigon-delices.fr\/store\/wp-json\/wp\/v2\/product_cat?post=396"},{"taxonomy":"product_tag","embeddable":true,"href":"https:\/\/www.saigon-delices.fr\/store\/wp-json\/wp\/v2\/product_tag?post=396"}],"curies":[{"name":"wp","href":"https:\/\/api.w.org\/{rel}","templated":true}]}}