{"id":2286,"date":"2020-10-09T20:43:11","date_gmt":"2020-10-09T18:43:11","guid":{"rendered":"https:\/\/www.saigon-delices.fr\/store\/?post_type=product&#038;p=2286"},"modified":"2025-07-04T19:13:01","modified_gmt":"2025-07-04T17:13:01","slug":"banh-bao-la-piece","status":"publish","type":"product","link":"https:\/\/www.saigon-delices.fr\/store\/produit\/banh-bao-la-piece\/","title":{"rendered":"Banh Bao La Pi\u00e8ce"},"content":{"rendered":"<p>Brioche Chinoise ou Vietnamienne.<\/p>\n<p>Composition ;<\/p>\n<p>P\u00e2te farine de bl\u00e9, ma\u00efs, vinaigre d&rsquo;alcool, sel, sucre, saindoux, bicarbonate de soude,<\/p>\n<p>Farce de porc, oignon blanc, Champignon, \u0153uf, poivre. Cuire \u00e0 la vapeur 10 mn. A conserver ente 0 et 4\u00b0<\/p>\n","protected":false},"excerpt":{"rendered":"<p>Brioche Chinoise ou Vietnamienne. Composition ; P\u00e2te farine de bl\u00e9, ma\u00efs, vinaigre d&rsquo;alcool, sel, sucre, saindoux, bicarbonate de soude, Farce de porc, oignon blanc, Champignon, \u0153uf, poivre. Cuire \u00e0 la vapeur 10 mn. A conserver ente 0 et 4\u00b0<\/p>\n","protected":false},"featured_media":81,"comment_status":"open","ping_status":"closed","template":"","meta":[],"product_brand":[],"product_cat":[27],"product_tag":[],"class_list":{"0":"post-2286","1":"product","2":"type-product","3":"status-publish","4":"has-post-thumbnail","6":"product_cat-brioche-salee","8":"first","9":"instock","10":"shipping-taxable","11":"purchasable","12":"product-type-simple"},"_links":{"self":[{"href":"https:\/\/www.saigon-delices.fr\/store\/wp-json\/wp\/v2\/product\/2286","targetHints":{"allow":["GET"]}}],"collection":[{"href":"https:\/\/www.saigon-delices.fr\/store\/wp-json\/wp\/v2\/product"}],"about":[{"href":"https:\/\/www.saigon-delices.fr\/store\/wp-json\/wp\/v2\/types\/product"}],"replies":[{"embeddable":true,"href":"https:\/\/www.saigon-delices.fr\/store\/wp-json\/wp\/v2\/comments?post=2286"}],"wp:featuredmedia":[{"embeddable":true,"href":"https:\/\/www.saigon-delices.fr\/store\/wp-json\/wp\/v2\/media\/81"}],"wp:attachment":[{"href":"https:\/\/www.saigon-delices.fr\/store\/wp-json\/wp\/v2\/media?parent=2286"}],"wp:term":[{"taxonomy":"product_brand","embeddable":true,"href":"https:\/\/www.saigon-delices.fr\/store\/wp-json\/wp\/v2\/product_brand?post=2286"},{"taxonomy":"product_cat","embeddable":true,"href":"https:\/\/www.saigon-delices.fr\/store\/wp-json\/wp\/v2\/product_cat?post=2286"},{"taxonomy":"product_tag","embeddable":true,"href":"https:\/\/www.saigon-delices.fr\/store\/wp-json\/wp\/v2\/product_tag?post=2286"}],"curies":[{"name":"wp","href":"https:\/\/api.w.org\/{rel}","templated":true}]}}