{"id":105,"date":"2018-07-10T11:14:42","date_gmt":"2018-07-10T09:14:42","guid":{"rendered":"https:\/\/www.saigon-delices.fr\/store\/?post_type=product&#038;p=105"},"modified":"2020-05-19T11:14:46","modified_gmt":"2020-05-19T09:14:46","slug":"papillote-crevette","status":"publish","type":"product","link":"https:\/\/www.saigon-delices.fr\/store\/produit\/papillote-crevette\/","title":{"rendered":"Papillote crevette Les 2 (A commander d\u00e9but de semaine)"},"content":{"rendered":"<p><strong>Vendu par 2<\/strong><\/p>\n<p><strong>Composition :<\/strong><\/p>\n<p>Galette de bl\u00e9 (<span style=\"color: #ff0000;\">farine de bl\u00e9<\/span>)eau, huile de coco, sel, sucre,liseron d&rsquo;eau, barde de porc, poulet,<span style=\"color: #ff0000;\"> crevette<\/span> (11%),f\u00e9cule de pomme de terre, coriandre,<br \/>\nexhausteur de go\u00fbt (E 621), sel, \u00e9pices,<\/p>\n<p>Information allerg\u00e8ne: contient du <span style=\"color: #ff0000;\">gluten<\/span> et des <span style=\"color: #ff0000;\">crevettes<\/span> peut contenir,<span style=\"color: #ff0000;\"> c\u00e9leri<\/span>, <span style=\"color: #ff0000;\">\u0153uf<\/span>, <span style=\"color: #ff0000;\">lait<\/span>, <span style=\"color: #ff0000;\">soja<\/span>, <span style=\"color: #ff0000;\">s\u00e9same<\/span>, <span style=\"color: #ff0000;\">poisson<\/span>, <span style=\"color: #ff0000;\">mollusques<\/span><\/p>\n","protected":false},"excerpt":{"rendered":"<p>Vendu par 2 Composition : Galette de bl\u00e9 (farine de bl\u00e9)eau, huile de coco, sel, sucre,liseron d&rsquo;eau, barde de porc, poulet, crevette (11%),f\u00e9cule de pomme de terre, coriandre, exhausteur de go\u00fbt (E 621), sel, \u00e9pices, Information allerg\u00e8ne: contient du gluten et des crevettes peut contenir, c\u00e9leri, \u0153uf, lait, soja, s\u00e9same, poisson, mollusques<\/p>\n","protected":false},"featured_media":106,"comment_status":"open","ping_status":"closed","template":"","meta":[],"product_brand":[],"product_cat":[23],"product_tag":[],"class_list":{"0":"post-105","1":"product","2":"type-product","3":"status-publish","4":"has-post-thumbnail","6":"product_cat-fritures-2","8":"first","9":"instock","10":"virtual","11":"purchasable","12":"product-type-simple"},"_links":{"self":[{"href":"https:\/\/www.saigon-delices.fr\/store\/wp-json\/wp\/v2\/product\/105","targetHints":{"allow":["GET"]}}],"collection":[{"href":"https:\/\/www.saigon-delices.fr\/store\/wp-json\/wp\/v2\/product"}],"about":[{"href":"https:\/\/www.saigon-delices.fr\/store\/wp-json\/wp\/v2\/types\/product"}],"replies":[{"embeddable":true,"href":"https:\/\/www.saigon-delices.fr\/store\/wp-json\/wp\/v2\/comments?post=105"}],"wp:featuredmedia":[{"embeddable":true,"href":"https:\/\/www.saigon-delices.fr\/store\/wp-json\/wp\/v2\/media\/106"}],"wp:attachment":[{"href":"https:\/\/www.saigon-delices.fr\/store\/wp-json\/wp\/v2\/media?parent=105"}],"wp:term":[{"taxonomy":"product_brand","embeddable":true,"href":"https:\/\/www.saigon-delices.fr\/store\/wp-json\/wp\/v2\/product_brand?post=105"},{"taxonomy":"product_cat","embeddable":true,"href":"https:\/\/www.saigon-delices.fr\/store\/wp-json\/wp\/v2\/product_cat?post=105"},{"taxonomy":"product_tag","embeddable":true,"href":"https:\/\/www.saigon-delices.fr\/store\/wp-json\/wp\/v2\/product_tag?post=105"}],"curies":[{"name":"wp","href":"https:\/\/api.w.org\/{rel}","templated":true}]}}